ed by 31?
26
Calculate the remainder when 126 is divided by 11.
5
Calculate the remainder when 139 is divided by 53.
33
Calculate the remainder when 48 is divided by 28.
20
What is the remainder when 441 is divided by 15?
6
Calculate the remainder when 1274 is divided by 75.
74
Calculate the remainder when 1085 is divided by 64.
61
Calculate the remainder when 51 is divided by 3.
0
What is the remainder when 118 is divided by 15?
13
Calculate the remainder when 917 is divided by 197.
129
Calculate the remainder when 215 is divided by 59.
38
What is the remainder when 3023 is divided by 7?
6
What is the remainder when 297 is divided by 147?
3
What is the remainder when 152 is divided by 14?
12
What is the remainder when 14243 is divided by 12?
11
What is the remainder when 237 is divided by 15?
12
What is the remainder when 304 is divided by 102?
100
What is the remainder when 818 is divided by 123?
80
Calculate the remainder when 404 is divided by 58.
56
Calculate the remainder when 94 is divided by 90.
4
Calculate the remainder when 2496 is divided by 20.
16
What is the remainder when 303 is divided by 8?
7
Calculate the remainder when 357 is divided by 40.
37
Calculate the remainder when 865 is divided by 87.
82
What is the remainder when 1032 is divided by 15?
12
Calculate the remainder when 52 is divided by 2.
0
Calculate the remainder when 3200 is divided by 11.
10
Calculate the remainder when 388 is divided by 171.
46
Calculate the remainder when 673 is divided by 171.
160
Calculate the remainder when 5069 is divided by 39.
38
What is the remainder when 539 is divided by 32?
27
What is the remainder when 68 is divided by 52?
16
What is the remainder when 161 is divided by 119?
42
What is the remainder when 280 is divided by 55?
5
What is the remainder when 134 is divided by 111?
23
What is the remainder when 208 is divided by 115?
93
Calculate the remainder when 42411 is divided by 17.
13
Calculate the remainder when 14 is divided by 12.
2
What is the remainder when 403 is divided by 26?
13
Calculate the remainder when 25 is divided by 15.
10
What is the remainder when 413 is divided by 8?
5
Calculate the remainder when 791 is divided by 24.
23
What is the remainder when 1346 is divided by 272?
258
What is the remainder when 174 is divided by 60?
54
What is the remainder when 819 is divided by 141?
114
What is the remainder when 6 is divided by 4?
2
What is the remainder when 233 is divided by 75?
8
Calculate the remainder when 752 is divided by 23.
16
What is the remainder when 38 is divided by 22?
16
Calculate the remainder when 213 is divided by 42.
3
What is the remainder when 113 is divided by 21?
8
What is the remainder when 694 is divided by 183?
145
Calculate the remainder when 601 is divided by 296.
9
What is the remainder when 1409 is divided by 233?
11
Calculate the remainder when 223 is divided by 36.
7
Calculate the remainder when 154 is divided by 12.
10
Calculate the remainder when 77 is divided by 64.
13
What is the remainder when 168 is divided by 23?
7
Calculate the remainder when 159 is divided by 23.
21
Calculate the remainder when 886 is divided by 438.
10
What is the remainder when 11137 is divided by 795?
7
Calculate the remainder when 257 is divided by 53.
45
What is the remainder when 334 is divided by 67?
66
Calculate the remainder when 2726 is divided by 42.
38
Calculate the remainder when 664 is divided by 12.
4
Calculate the remainder when 6337 is divided by 14.
9
What is the remainder when 1922 is divided by 37?
35
Calculate the remainder when 255 is divided by 95.
65
Calculate the remainder when 53 is divided by 13.
1
Calculate the remainder when 1354 is divided by 14.
10
What is the remainder when 9674 is divided by 47?
39
Calculate the remainder when 1070 is divided by 154.
146
What is the remainder when 296 is divided by 27?
26
Calculate the remainder when 332 is divided by 56.
52
Calculate the remainder when 335 is divided by 68.
63
Calculate the remainder when 413 is divided by 5.
3
What is the remainder when 204 is divided by 8?
4
What is the remainder when 216 is divided by 178?
38
Calculate the remainder when 126 is divided by 122.
4
Calculate the remainder when 246 is divided by 13.
12
Calculate the remainder when 77 is divided by 10.
7
Calculate the remainder when 145 is divided by 143.
2
What is the remainder when 5356 is divided by 765?
1
Calculate the remainder when 28 is divided by 6.
4
Calculate the remainder when 5245 is divided by 21.
16
What is the remainder when 97 is divided by 36?
25
What is the remainder when 99 is divided by 6?
3
Calculate the remainder when 153 is divided by 13.
10
Calculate the remainder when 435 is divided by 109.
108
Calculate the remainder when 2919 is divided by 48.
39
Calculate the remainder when 699 is divided by 5.
4
Calculate the remainder when 3201 is divided by 134.
119
What is the remainder when 4991 is divided by 111?
107
Calculate the remainder when 6770 is divided by 94.
2
What is the remainder when 1458 is divided by 290?
8
Calculate the remainder when 10234 is divided by 12.
10
What is the remainder when 792 is divided by 117?
90
Calculate the remainder when 1425 is divided by 17.
14
Calculate the remainder when 60433 is divided by 451.
450
What is the remainder when 441 is divided by 216?
9
Calculate the remainder when 314 is divided by 81.
71
What is the remainder when 36 is divided by 19?
17
What is the remainder when 1301 is divided by 649?
3
Calculate the remainder when 2199 is divided by 11.
10
What is the remainder when 190 is divided by 14?
8
What is the remainder when 20 is divided by 4?
0
What is the remainder when 149 is divided by 10?
9
What is the remainder when 43 is divided by 43?
0
Calculate the remainder when 2240 is divided by 83.
82
What is the remainder when 243 is divided by 7?
5
Calculate the remainder when 2264 is divided by 451.
9
What is the remainder when 2510 is divided by 74?
68
Calculate the remainder when 574 is divided by 2.
0
What is the remainder when 5032 is divided by 23?
18
Calculate the remainder when 43746 is divided by 97.
96
What is the remainder when 47 is divided by 3?
2
What is the remainder when 851 is divided by 416?
19
Calculate the remainder when 97 is divided by 24.
1
Calculate the remainder when 49 is divided by 10.
9
What is the remainder when 167 is divided by 34?
31
What is the remainder when 227 is divided by 57?
56
Calculate the remainder when 358 is divided by 36.
34
What is the remainder when 1119 is divided by 16?
15
Calculate the remainder when 115 is divided by 55.
5
Calculate the remainder when 250 is divided by 7.
5
What is the remainder when 98 is divided by 34?
30
What is the remainder when 147 is divided by 46?
9
Calculate the remainder when 1717 is divided by 40.
37
Calculate the remainder when 657 is divided by 47.
46
Calculate the remainder when 273 is divided by 69.
66
What is the remainder when 489 is divided by 155?
24
Calculate the remainder when 4313 is divided by 47.
36
What is the remainder when 55 is divided by 15?
10
What is the remainder when 91 is divided by 50?
41
Calculate the remainder when 2433 is divided by 54.
3
Calculate the remainder when 6365 is divided by 16.
13
Calculate the remainder when 156 is divided by 40.
36
Calculate the remainder when 478 is divided by 3.
1
Calculate the remainder when 24 is divided by 22.
2
Calculate the remainder when 8513 is divided by 33.
32
Calculate the remainder when 6068 is divided by 88.
84
Calculate the remainder when 658 is divided by 329.
0
Calculate the remainder when 497 is divided by 133.
98
What is the remainder when 6899 is divided by 117?
113
What is the remainder when 2 is divided by 2?
0
Calculate the remainder when 37 is divided by 10.
7
What is the remainder when 177 is divided by 70?
37
What is the remainder when 435 is divided by 78?
45
Calculate the remainder when 182 is divided by 27.
20
Calculate the remainder when 4503 is divided by 53.
51
What is the remainder when 854 is divided by 22?
18
Calculate the remainder when 409 is divided by 23.
18
What is the remainder when 76 is divided by 63?
13
What is the remainder when 634 is divided by 66?
40
Calculate the remainder when 49894 is divided by 198.
196
Calc